nd j?
2
Suppose 2*j - 7*f = 325, 15*f = 5*j + 18*f - 833. What is the greatest common factor of 8881 and j?
83
Suppose -2*b - 5*s + 68 = -149, b + 3*s - 107 = 0. Suppose -b*y = -111*y - 120. Calculate the greatest common divisor of y and 48.
24
Let h(p) = -6*p - 10. Let y be h(-13). Suppose 5*a - y = -2*u, u + a - 24 = -4*a. Suppose 24 + 20 = 2*r. What is the highest common divisor of u and r?
22
Let p(g) = 0*g**3 - g**3 + g**2 - 1765*g + 92 + 1764*g. Let q be p(0). Let r = 18 + 5. Calculate the greatest common divisor of r and q.
23
Let g be (-18)/(-4)*(-8)/(-12). Suppose -g*i + m + 342 = -m, 4*m = i - 124. What is the greatest common divisor of i and 14?
14
Suppose -67*b = -42*b - 25125. What is the greatest common divisor of b and 60?
15
Let z(c) = c**2 - 17*c + 57. Let n be z(7). Let f(u) = -u**3 - 12*u**2 - 5*u - 44. Let m be f(n). Calculate the greatest common factor of m and 76.
38
Suppose 0 = 2*s - 6*s - 16, -4*s = -r + 153. Let u = -124 + r. What is the greatest common factor of u and 1?
1
Suppose a + 5*s - 8497 = 0, -127*a + 5*s = -122*a - 42485. What is the highest common divisor of a and 29?
29
Suppose 4*s = 5*p + 486, -14*s = -13*s - 5*p - 114. What is the greatest common factor of 1364 and s?
124
Suppose -28560 = -354*h + 312*h. What is the highest common divisor of h and 476?
68
Let t = -152 + 188. Suppose 225 = 3*s - 225. Let c be -2 - 7/((-21)/s). Calculate the highest common factor of t and c.
12
Suppose 140*i = 138*i + 8. Suppose 3*s + 3*w = 207, -i*s + 14*w - 15*w = -276. Calculate the greatest common divisor of s and 276.
69
Let d(n) = -n**3 - 26*n**2 + 107*n + 3097. Let s be d(-30). Calculate the highest common factor of 143 and s.
11
Suppose 5*s = -3*c + 420, -2*s = 3*s. Let d(v) = -606*v**2 + 4861*v + 16. Let o be d(8). Calculate the highest common divisor of o and c.
20
Suppose 7*c - 28 = -7. Let m(g) = 48*g - 11. Let d be m(c). Calculate the greatest common factor of d and 19.
19
Let r be (76/3 + -13 + 13 + -4)*6. Calculate the highest common factor of r and 3552.
32
Suppose -4*l = -5*l + 2*c + 24, -2*c = -5*l + 120. Let s be (l/4 - 5)*74. Calculate the highest common factor of s and 2.
2
Let c = 5501 + -5371. What is the highest common divisor of c and 715?
65
Suppose 18*t = 14*t + 5*b + 3253, 0 = -5*t - 3*b + 4094. Let w(r) = -r**2 - 21*r + 65. Let z be w(-23). Calculate the greatest common factor of z and t.
19
Let o = -596 - -596. Suppose 4*w - 10*w + 492 = o. What is the greatest common divisor of 2 and w?
2
Let d = 1129 + -257. Calculate the highest common divisor of 56 and d.
8
Let y be (-1350)/405 + (-230)/(-6). What is the highest common factor of 3626 and y?
7
Suppose 0 = 9*y - 13*y + 68. Suppose y*u - 85 = 16*u. Let t = -61 + u. What is the greatest common factor of 8 and t?
8
Suppose 5*f - u = 108, -22 = -3*f + 5*u + 34. Suppose w + 15 = -5*v, 4*w = -v - 6 + f. Let c = v - -22. What is the highest common divisor of c and 12?
6
Suppose 3*g - 3472 = -2*z, -4*z + 4*g + 2327 = -4657. Calculate the highest common factor of z and 312.
26
Let l(f) = -70*f - 308. Let t be l(-5). Calculate the highest common divisor of 798 and t.
42
Suppose -4*h + 3051 = -p, 3*h + 18*p = 14*p + 2293. Suppose -5027 = -13*r - h. What is the highest common factor of r and 8?
8
Suppose -8629 = 86*h - 25399. Calculate the highest common factor of 858 and h.
39
Let h = 91 - 64. Let a = -84 + 164. Suppose 5*r + a = 4*z + r, 4 = -2*r. Calculate the highest common factor of h and z.
9
Let p(l) = -l**3 - 5*l**2 + 5*l + 58. Let r be p(0). Let v be ((-290)/15)/((-4)/54). What is the highest common divisor of v and r?
29
Let x = -220 - -518. Let h = x + -267. Let d = 120 + -27. What is the highest common factor of d and h?
31
Suppose 2*c - o - 52 = o, 0 = 5*o - 20. Suppose c = 40*l - 39*l. Calculate the highest common factor of l and 30.
30
Let x = 5974 + -5952. Calculate the greatest common factor of x and 11264.
22
Suppose 120*k - 43478 = 13604 - 6202. Calculate the greatest common divisor of 1431 and k.
53
Let t(y) = y**2 - 4*y - 6. Let b be t(4). Let i be (-12)/(-1)*(-28)/b. Let n = i + -35. What is the highest common divisor of 14 and n?
7
Let c be 1/4 - -21*(-4 - 325/(-60)). What is the greatest common factor of 4920 and c?
30
Let u = -74 - -218. Let j = -530 + 546. What is the greatest common divisor of u and j?
16
Let y be (6 - -4)*(-620)/25. Let j = 250 + y. Calculate the greatest common divisor of j and 6.
2
Suppose 12*p - 63 = 5*p. Let f be (2/2 - -10) + -9 + p. Let v be f - -29 - (-1 - -5). Calculate the highest common factor of v and 18.
18
Let r(w) = w**3 + 18*w**2 + 19*w + 36. Let y be r(-17). Suppose 3*h - 527 = -3*l - 218, -y*h + 311 = 3*l. Calculate the greatest common divisor of l and 70.
35
Let c be (-2)/5*(-3692)/39 - 58/(-435). What is the greatest common factor of c and 2299?
19
Suppose -3*c + 1143 = 3*m, 2440 - 556 = 5*m - 2*c. What is the highest common divisor of m and 162?
54
Suppose 23*l + 23*l + 1663 = 26871. Calculate the highest common divisor of l and 2603.
137
Suppose -23*l = -19*l - 72. Let y be (384/28)/((-2)/(-21)). What is the highest common factor of l and y?
18
Let d be 9952/14 + (-14)/(-98). Calculate the greatest common divisor of d and 158.
79
Let u(o) = 163*o - 3144. Let x be u(43). Calculate the greatest common divisor of 15 and x.
5
Let g = 82 - 14. Suppose g = 3*w + 2*a, -3*w - 3*a = -67 - 2. Let c = w - 21. Calculate the highest common factor of c and 11.
1
Suppose -547*l + 2*u - 7568 = -551*l, 4*u - 16 = 0. Calculate the highest common factor of 3528 and l.
126
Suppose -p - 3 = 0, -11*p + 10*p = -4*j - 345. Let q = j + 243. Calculate the highest common divisor of q and 104.
52
Let m be -1 - (20/12 + 15/(-9)). Let h(t) = -286*t**3 - t**2 + 23*t + 23. Let z be h(m). What is the greatest common divisor of z and 45?
15
Let s be 28/(-16) - (-18)/(-8). Let x(g) = 30*g + 126. Let r be x(s). Suppose 5*k - 72 = k. Calculate the highest common factor of k and r.
6
Suppose 3038 - 3128 = -6*i. Suppose -2*z - 115*f + 114 = -114*f, 3*z - 4*f = 149. Calculate the highest common factor of i and z.
5
Let y be 33/(-99) - (1 + (-76)/3). Let d be y + -26 - -44*7. Calculate the highest common factor of d and 68.
34
Suppose -2*w + 7*w = 5. Let m(v) = -v + 1. Let j be m(-2). Suppose -c - 3 = a, 8*c - j*c = 4*a + 30. What is the greatest common factor of c and w?
1
Let f be 237/(-1817) + (-1740)/(-115). Calculate the greatest common divisor of 3160 and f.
5
Let n be 5*(4/(-1) + 5). Let i = -146 + 281. Suppose -i = -x - 2*x - 3*s, -x + 5*s = -75. Calculate the greatest common factor of x and n.
5
Suppose -4*h + 17298 = 5*h. Suppose -2*i + 0*i = 5*f - h, 0 = f - 4*i - 380. Calculate the highest common divisor of 16 and f.
16
Let p(m) = 130*m + 10676. Let l be p(-80). Calculate the highest common divisor of l and 3657.
69
Let s(v) = -42*v + 260. Let y be s(6). Let h(p) = 2*p**2 - 8*p - 14. Let n be h(y). Calculate the greatest common factor of 80 and n.
10
Let i = -3 + 2. Let l = i - -14. Let r be ((-209)/(-231))/(-19) + (-24934)/(-1911). What is the highest common divisor of r and l?
13
Suppose -51*g = -164195 - 691381. What is the highest common factor of 12 and g?
12
Let t be (0 - 6/1)*8. Suppose -39 = 3*o - 75. Let a be (33/o)/((-3)/t). Calculate the greatest common divisor of 4 and a.
4
Let k be (0 - 2/4) + (-46)/(-4). Suppose x + k = 2*x - n, -44 = -4*x + n. Calculate the highest common divisor of x and 88.
11
Suppose 12*o - 501 - 903 = 0. Suppose o = -217*i + 226*i. What is the highest common factor of i and 949?
13
Let h(a) = a**2 - 28*a + 251. Let c be h(8). Let r = 76 - 50. What is the greatest common divisor of c and r?
13
Let o(d) = 20*d - 2. Let q be o(2). Suppose -3*a + 44 = q. Suppose -2*i + 3*m + 78 = -149, a*m = -4*i + 446. What is the highest common factor of 16 and i?
16
Let p = 1722 + -1637. What is the highest common divisor of 4165 and p?
85
Let z = -265 + 265. Suppose z = 97*b - 99*b + 56. What is the greatest common divisor of b and 7?
7
Let d(m) = -m**2 - 39*m + 15*m - 5 - 12. Let g be d(-22). Calculate the greatest common divisor of 1 and g.
1
Let d(f) = -17*f**2 + 1190*f + 2. Let i be d(70). Calculate the greatest common divisor of 446 and i.
2
Let c(t) = t**3 + 10*t**2 - 3*t - 8. Suppose 2*n